0 - 2*y**4/3 + 5*y**3/3 + 4*y**2 - 14*y + 6. Determine z(s).
-1
Let n(t) = 15*t - 1. Let x(p) = -p**2 + 12*p - 9. Let k(w) = -w**2 + 7*w + 1. Let c be k(2). Let m be x(c). Determine n(m).
29
Let f(n) = 7*n + 87. Let y be f(-9). Suppose 19*z + 30 = y*z. Let q(k) = k**3 - 5*k**2 - 2*k - 8. What is q(z)?
16
Let p(o) = 6*o**3 - 36*o**2 - o**3 - 35*o**2 - 33*o**2 + 2*o + 103*o**2 - 4. Calculate p(2).
36
Let b(p) be the second derivative of -p**5/5 + p**4/4 - p**3/6 - 6*p. Suppose -5*z = -3*z - 27 + 23. What is b(z)?
-22
Let n(k) = -k**2 + 5*k - 3. Suppose -3*h - 24 = -0*h - 2*q, -2*h = -3*q + 16. Let d(u) = u - 1. Let z be d(-3). Let t be z/16 + (-26)/h. Give n(t).
3
Let z(u) = u**3 - u**2 + 6*u - 30. Let d be z(5). Let i(h) = -107 - d - h + 210. Calculate i(9).
-6
Suppose -1019*m + 990*m = 203. Let l(t) = -t**3 - 7*t**2 + t - 4. Give l(m).
-11
Let l(d) be the first derivative of -d**3/3 + 4*d**2 - 2*d - 41. Let t be ((-70)/21)/(4/(-6)). Suppose c + 1 = t. Calculate l(c).
14
Let g(t) = -3*t + 5. Suppose -14 = 5*f - 3*d, f + 0 - 11 = -4*d. Let n be ((1 - f)*-2)/(8/(-14)). Determine g(n).
-16
Let t be ((-40)/35)/(9/(-7) - -1). Suppose 42 = -t*f + 10*f. Let m(p) = -20 + 6 + p + f. What is m(5)?
-2
Let j(b) = -b + 8. Suppose -39*q + 41*q - 8 = 0. Suppose 0 = -11*z + q*z + 63. Determine j(z).
-1
Let u(p) be the second derivative of p**5/20 - 2*p**4/3 - 31*p**3/6 - 15*p**2/2 - 1228*p. Give u(11).
7
Suppose 4*x - 16 = 4. Suppose -x*k - 5 = -0*q - 3*q, 3*k + q = -17. Let c be (((-24)/9)/k)/(3/9). Let m(i) = i**3 - i**2 + 3*i - 2. Give m(c).
8
Let i be (-1 - -6) + (0 - -1). Let r(h) = 5*h**3 + 10*h**2 + 19*h + 14. Let m(z) = 3*z**3 + 5*z**2 + 10*z + 8. Let g(w) = 7*m(w) - 4*r(w). Determine g(i).
0
Let i(c) = 19*c**3 - c**2 + 2*c - 1. Let t = -403 - -412. Suppose 5*q = -4*x + 9, 12*x + 3*q - 6 = t*x. Calculate i(x).
19
Let q = -4 + 9. Let r(c) = -48*c**3 - 7*c**2 + 2*c + 44*c**3 + 6 + 14*c**2. Let i(p) = -3*p**3 + 6*p**2 + 3*p + 5. Let t(b) = -3*i(b) + 2*r(b). Give t(q).
-3
Let t(b) be the first derivative of -19*b**2/2 - 112*b + 3674. Give t(-6).
2
Let g(i) = 7 - 5 - 6*i**2 - 8 + 0*i + 3 + 12*i. Give g(2).
-3
Suppose i - 44 + 57 = 0. Let h be i/6 + 2 - (-39)/18. Let t(v) = -8*v - v**3 + 7*v + v**h + 1 + 3*v**3. Give t(1).
3
Let x(a) be the first derivative of 11*a**2 - 88*a - 1904. Calculate x(4).
0
Suppose -5*q + g = -4, -q = -4*g - 20 + 42. Let y(o) be the first derivative of 7/3*o**3 - 12*o - 4*o**2 - q + 1/4*o**4. Determine y(-8).
-12
Suppose -7*d + 564 = 501. Suppose -d*v = v + 30. Let y(u) = -4*u + 4. Determine y(v).
16
Let k(t) = -t + 31. Let q be k(6). Suppose q*l = 21*l + 12. Let h(u) = -2*u + u**2 + u - 4 + 0*u**2. Give h(l).
2
Let d(i) = i - 2. Let r(w) = 16*w + 125 + 132 - w**2 - 264. Let l be r(15). What is d(l)?
6
Let y(s) be the second derivative of -s**4/12 - s**3/3 + 8*s**2 + 1121*s + 1. Give y(-5).
1
Let k be 0/(-21)*1/2. Let s be 2 + (-42)/6 - (k + 0). Let f(o) = o + 11 - o**2 - 5 - 4*o. What is f(s)?
-4
Suppose -880 = 85*x + 140. Let n(r) = r**2 + 2*r - 111. Determine n(x).
9
Let z(y) = -22*y**3 + 3*y + y**3 - 4*y. Let a = -24608 + 24609. What is z(a)?
-22
Let b(z) = 2*z**2 - 9*z + 8. Let p be 60/18*(5 - 38). Let g be (-113)/(-23) + p/(-1265). Determine b(g).
13
Let p(r) = 2*r - 1. Let m = -40 - -72. Let x be (0 + 1)/((m/(-324))/8). Let o = -79 - x. Give p(o).
3
Let s(b) = -b**2 + 8*b - 2. Let h be 4*1 + 1/(-1) + -2. Let z be (-5)/10*0 + 8/h. What is s(z)?
-2
Let q(x) be the third derivative of x**5/60 + 19*x**4/24 + 9*x**3/2 - 24*x**2 + 3*x. Calculate q(-17).
-7
Let b(h) be the second derivative of h**4/12 + h**3/6 - h**2 + h. Suppose -7300 + 7272 = 7*z. Determine b(z).
10
Let b(c) = c**2 - 7*c - 9. Let h = 814 + -799. Suppose -256 = -h*w - 17*w. Give b(w).
-1
Let h(t) = -2*t**3 + 12 + 2 - 11*t**2 + t**3 - 9*t. Suppose 13214*q = 13257*q + 430. What is h(q)?
4
Let g be 3 - ((-15)/20 + (-2)/8). Suppose -3*q = -g*q + 7. Let j(h) = -5 + 8*h + 0 - q*h. Give j(6).
1
Let p(t) = -3*t. Let h(m) = 2*m**2 + 4*m. Let j be h(-2). Let o(g) = 14*g + 2*g**2 + g**2 + j*g**2 + 465 - 467. Let l be o(-5). Determine p(l).
-9
Let d(p) be the third derivative of -p**4/12 - 5*p**3/6 - 758*p**2. Calculate d(5).
-15
Let p(n) = -2*n**2 + 12*n - 8. Let a be (-480)/(-192)*28/10 + 0. What is p(a)?
-22
Let l(t) = t**2 - 19*t + 8. Let r be l(19). Suppose 5*u = 23 - r. Let g(h) = h**2 - 6*h - 2. Determine g(u).
-11
Let v(x) = -8*x - 50. Let b be v(-10). Suppose -12*y = -18*y + b. Let g(u) = u**3 - 5*u**2 + u - 2. Determine g(y).
3
Suppose 99 = -2*p + 143. Let i(n) = 26*n + 9*n + n**2 - p*n - 6. Determine i(-13).
-6
Let l(c) = -4*c - 23*c - 9 + 636*c**2 - 316*c**2 - 323*c**2. Calculate l(-8).
15
Suppose 0 = 180*q + 206*q - 323*q + 1890. Let u(d) = -4*d - 130. What is u(q)?
-10
Let j(n) = -n**2 + 10*n - 5. Let c(w) = -2*w + 4. Let s be c(-7). Suppose -64*x = -813 - 787. Let k = x - s. Calculate j(k).
16
Let i(c) be the first derivative of 3*c**2/2 - 2*c - 1. Suppose 2*s - 2*v - 352 = 306, -s - 2*v = -344. Suppose -347*l = -s*l - 26. Determine i(l).
4
Let w(r) = r**3 - 6*r**2 - 7*r. Suppose x - 2*b = -5*b - 13, -5*b - 20 = 0. Let k be 2 + 4 + x - (13 + -15). Determine w(k).
0
Let i(h) = h**3 - 5*h**2 + 7*h + 1. Let k be i(3). Let t = k + -10. Let o(a) = 39*a + 38*a + a**3 + 5*a**2 + 36*a - 120*a - 7. What is o(t)?
-1
Suppose -67 = -6*s - 25. Let m(t) = -t**2 + 6*t + 3 + t + s*t - 2*t - 8*t. Give m(4).
3
Let h(n) be the first derivative of 10*n**2 + 210*n + 2563. Calculate h(-10).
10
Suppose 15 = 2*q + 3. Let p be (-1 + 1)*(3 + 14/(-4)). Let o(s) = 0*s - 22 + 20 + 2*s + p*s. What is o(q)?
10
Let o(j) = -13*j**3 + 47*j**2 + 11*j - 27. Let n(f) = -6*f**3 + 26*f**2 + 5*f - 14. Let a(l) = 9*n(l) - 4*o(l). Determine a(23).
5
Let z be (-6)/(7 - (-2340)/(-342)). Let m(g) = -g**2 - 43*g - 193. Calculate m(z).
-3
Suppose 0 = 16*t + 12*t - 2688 + 2604. Let l(z) = -8*z + 15. Determine l(t).
-9
Let d(p) = -p + 2. Let v(n) = -n**3 + n**2 - n + 1. Let i(h) = -7*h**3 - 2*h**2 + 7*h + 106. Let t(f) = i(f) - 6*v(f). Let z be t(-8). Give d(z).
6
Let j = 739 + -4433/6. Let b(z) be the second derivative of 0 + 18*z + j*z**3 + z**2. Give b(3).
5
Let w be (0 + (-4)/(-5))*15. Suppose 10*k - 11*k = -w. Let t = -11 + k. Let u(z) = 5*z**2 + z. Calculate u(t).
6
Let i(h) be the third derivative of -31*h**9/60480 + h**8/20160 + h**5/30 + 13*h**3/3 + 6*h**2 - 4. Let x(o) be the third derivative of i(o). Give x(1).
-30
Let l(k) = k**3 - 7*k**2 - 9*k + 10. Let z(i) = -2 - 4*i + 69 + 11*i + 60. Let f be z(-17). What is l(f)?
2
Let x(k) = 2*k**2 - 12*k + 8. Let p(i) = i**3 - 29*i**2 + 5*i - 139. Let q be p(29). Suppose 5*f = -3*v + 28, -f + 2*v + 9 = q*v. Calculate x(f).
-2
Let t(u) = -4*u**3 + 6*u**2 + 1 + 1 + 3*u**3. Suppose 34*l + 556 - 2800 = 0. Suppose -l*g + 283 = -113. Determine t(g).
2
Suppose 2*d + 3 = -5. Let x be ((-6)/(-8))/(1/d). Let l(q) be the first derivative of -q**4/4 - q**3 - q**2/2 - 2*q - 530. Calculate l(x).
1
Let x = 2307 - 2298. Let r(u) be the third derivative of u**6/120 - 3*u**5/20 + u**4/12 - 13*u**3/6 + 3*u**2. Calculate r(x).
5
Let h(d) be the first derivative of d**3/3 - 60*d - 254. Determine h(7).
-11
Let p(w) be the second derivative of -w**4/6 + 8*w**3/3 + 44*w**2 + 261*w + 3. Give p(-5).
-42
Let a(i) = -35*i. Let h(p) = 142*p - 20. Let r(w) = -4*a(w) - h(w). What is r(-10)?
40
Let o(c) = 476*c - 236*c + 5 - 241*c - 2*c**3. Calculate o(2).
-13
Let t(q) = q**2 - 2*q - 1. Let l be 18/45 - (-5)/((-75)/(-10449)). Let u = -697 + l. Determine t(u).
-1
Suppose -14*m + 4*m + 150 = 0. Let u(j) = 3 - 17 + m + 5*j**2. Give u(-2).
21
Let d(i) be the first derivative of -i**3/3 - 8*i**2 - 45*i - 6402. Determine d(-9).
18
Let q(t) be the second derivative of -t**4/12 - 7*t**3/3 + 3*t**2 + 3*t + 3. Let h(l) = -132*l + 910. Let u be h(7). Give q(u).
6
Suppose 4*y - 212 = 4*d, y - 5*d = -3*d + 50. Let q be 8/(-6)*(-1539)/(-38). Let n = y + q. Let b(l) = -7*l. Determine b(n).
-14
Let s(t) = -2*t**2 - 3 + 139*t**3 - 86*t**3 - 7*t**2 + 4*t - 19*t**3 - 17*t**3 - 16*t**3. Let j(u) = -u**3 + 6*u**2 - 3*u - 2. Let b be j(5). Calculate s(b).
-35
Suppose 6*d + 11 = 41. Suppose d*q - 2*l - 15 = -l, 3*q - l = 9. Let a(y) = 2*y**3 - 5*y**2 + y + 2. What is a(q)?
14
Let b(h) = -10 - 14*h + 26 - 5